119?
7
Let k = 75 - 8. Suppose -20340*x + 20327*x + 468 = 0. Calculate the remainder when k is divided by x.
31
Suppose 0*z = z - 54. Suppose -9*q = 9 - 27. What is the remainder when z is divided by (78/q)/3 - 2?
10
Let o = -32 + 200. Suppose -646 = -22*f + o. What is the remainder when 133 is divided by f?
22
Let t = 16 - 4. Suppose 797*a + 40999 = -1388*a - 39713 + 515527. Calculate the remainder when a is divided by t.
7
Let o(m) = -7*m**3 - 4*m**2 + 44*m + 205. Calculate the remainder when o(-4) is divided by 148.
117
Suppose 2*j = -3*j. Let m = j - -4. Let p = -638 - -643. What is the remainder when p is divided by m?
1
Let j(p) = 2*p**2 - 2*p + 73. Let i be j(10). Let q = 362 - i. Calculate the remainder when q is divided by (-69)/(-5) - (-2)/10.
11
Let w(v) = -v**2 + 12*v - 18. Let a be w(5). Suppose -a*g + 333 = -75. Calculate the remainder when 61 is divided by g.
13
Suppose -2*i = 56*y - 60*y + 14, 15 = 3*y + 3*i. Suppose -2*l + 206 = 3*z, 3*z + 101 = l + y*z. Calculate the remainder when 579 is divided by l.
94
Suppose 4*x = 467 - 431, -3*c = 5*x - 477. Calculate the remainder when 1148 is divided by c.
140
Let h(f) = -f**3 + 7*f**2 + 7*f - 5. Let b be h(7). Let t = -38 + b. Suppose 0 = -u + 2*u - t. What is the remainder when 33 is divided by u?
3
Let n = 6250 + -6212. What is the remainder when 218 is divided by n?
28
Let x be (-1 - -3)/((-4)/(-10)). Suppose -x*j - 2*m + 65 = 0, 3*j - 32 = -5*m + 26. Calculate the remainder when j is divided by 88/6*6/22.
3
Let t(s) = s**3 + 12*s**2 - 5*s - 2. Suppose -19*u + 22*u = -36. Let o be t(u). Suppose 0 = 17*m - 15*m - o. What is the remainder when m is divided by 17?
12
Let x be 2/5 + (-33894)/(-90). Suppose -o + 4*o - 3*y + 291 = 0, 6 = 2*y. Calculate the remainder when x/15 - (-3 + o/(-30)) is divided by 14.
11
Suppose -16*p + 202 = -86. Suppose p*y - 3*y - 60 = 0. Calculate the remainder when 7 is divided by y.
3
Let x(v) = 2*v**3 - 16*v**2 + 29*v - 12. Suppose -3*w = -7*w + 132. Calculate the remainder when 6/w - 656/(-22) is divided by x(6).
12
Let q(o) = 2*o + 13 - 10*o - 44 + 15. Let y be q(-3). What is the remainder when 44 is divided by y/6*(11 - (1 + 1))?
8
Let o(c) = 3*c**3 - 5*c**2 + 3324*c - 13 - 3318*c - 2*c**3. Let a = 3 + 29. Calculate the remainder when o(6) is divided by a.
27
What is the remainder when ((-1)/2)/((-5)/600) is divided by 22?
16
Calculate the remainder when 3118 is divided by 7 - 1/(11/(-253)).
28
Let w be 22/(-33) + (-2)/(-3). Suppose w = -2*g - 4*i + 10 + 4, 20 = -4*g + 4*i. Calculate the remainder when 3 + 2/(-1) + (g - -82) is divided by 17.
14
Let b(v) = -69*v - 20. Let s be b(-3). Suppose 3*t + 4*o = t + 334, s = t - 2*o. Calculate the remainder when t is divided by (-34)/(-3) + 2/3.
9
Let j(t) = t**2 + 21*t - 142. Let q be j(-27). Suppose -2*b + q*z = 21*z - 57, 2*b + 4*z - 66 = 0. What is the remainder when b is divided by 10?
7
Let x(y) be the first derivative of -3*y**2 + 104*y - 69. What is the remainder when 39 is divided by x(14)?
19
Suppose 0 = -26*v + 30 - 30. Suppose v = -11*j - 4 + 92. Suppose 3*l + 4 = 5*l, -5*l + 5 = -k. What is the remainder when j is divided by k?
3
Let j be (-7)/(-1) - (9 - 7). Let o be 1*0*j/25. Suppose -2*l + p - 8 + 58 = o, 5*l = -5*p + 125. Calculate the remainder when 74 is divided by l.
24
Let m = -415 + 434. Calculate the remainder when (4 - 7) + 128 + 2/2 is divided by m.
12
Let v = -12 + 5. Let u = -409 - -415. Let f = u - v. Calculate the remainder when f is divided by 6.
1
Suppose 3715*n - 3733*n = -37890. What is the remainder when n is divided by 81?
80
Let u = 148 + -58. Let v = 208102 + -208088. What is the remainder when u is divided by v?
6
What is the remainder when (-92145)/10*(-38)/57 is divided by 256?
255
Let c(y) = 2*y**3 - 64*y**2 + 2*y - 5. Calculate the remainder when 942 is divided by c(32).
57
Let t(q) = -q**3 + 8*q**2 - 10*q - 4. Let o be t(6). Suppose 5*h - o - 5 = 3*g, 0 = -3*h - g + 5. Calculate the remainder when 18 is divided by h.
0
Suppose -36*r = -28*r + 34*r + 1974. Suppose 5*u - 45 - 250 = 0. Let h = r + u. Calculate the remainder when 95 is divided by h.
11
Let c(x) = -x**3 - 8*x**2 + x + 22. Let z be c(-6). Let h = z + 80. Calculate the remainder when h is divided by 14.
10
Suppose 89*o + 6217 - 3537 = 23506. What is the remainder when o is divided by 46?
4
Suppose 4*x + 55 = -c, -5*c - 6*x = -2*x + 291. Suppose -b = -2*b - 5*r + 73, -6 = -3*r. Let w = b + c. What is the remainder when w is divided by 4?
0
Suppose 0 = 4*q - q - 168. Suppose -3*l - 17*b + 13*b + q = 0, 0 = 2*l + 3*b - 37. Calculate the remainder when 179 is divided by l.
19
Suppose -120*o + 117*o - 5200 = -83*o. Calculate the remainder when 1423 is divided by o.
58
Let x = 27 - 13. Let l(v) = v**2 + 18*v + 7. Let j be l(-6). Let z = 68 + j. What is the remainder when x is divided by z?
2
Calculate the remainder when 39 is divided by 481/(-26)*(18/(-6) - -1).
2
Let s be (0 + (-4 - -5))/((-2)/(-492)). Suppose 2*t + 34 = -s. Calculate the remainder when 10 is divided by (-20)/(-90) + -2 + t/(-18).
4
Let x = 190 - 187. Suppose 6*t - 2*w = t + 2190, 2*w = x*t - 1310. What is the remainder when t is divided by 26?
24
Let l = -1489 - -1577. What is the remainder when (-2 + -1)*(-2100)/18 is divided by l?
86
Suppose -1302 = -31*l + 1457. Calculate the remainder when 752 is divided by l.
40
Let c(b) = -b**3 + 6*b**2 + 9*b - 9. Let w be 2/(-4) - 610/(-20). Let k = -22 + w. Calculate the remainder when k is divided by c(7).
3
Let o = -753 + 1553. Suppose 5*t + 0*q + o = -q, 0 = 4*t - 4*q + 640. What is the remainder when (11 + -13)*(-3)/((-6)/t) is divided by 41?
37
What is the remainder when 68 is divided by ((-3)/((-15)/4))/(-39 + (-90705)/(-2325))?
6
Suppose 11*q - 161 = -18. Suppose -q*p = p - 420. Calculate the remainder when 80 is divided by p.
20
Let v(p) = 208*p + 422. Calculate the remainder when 1916 is divided by v(-2).
2
Let g(i) = -37*i**2 - 370*i - 2. What is the remainder when g(-8) is divided by 211?
168
Let g = 2414 - 2361. What is the remainder when 63 is divided by g?
10
Let t be 4/((-4)/(-2 - 0)). Suppose -10*x + 13*x - 57 = o, -5*x + 84 = t*o. Calculate the remainder when 196 is divided by x.
16
Suppose -4*c + 3*i - 15 = 0, 10*c - 2*i + 10 = 6*c. Suppose -5*s + b = -60, 3*s + 2*b - 36 = -c*s. What is the remainder when 21 is divided by s?
9
What is the remainder when 2/(-11*(-32)/35376) is divided by 22?
3
Let w be 828 + 1 + 6/(-8)*-4. Let u = w - 543. Calculate the remainder when u is divided by 58.
57
Let y be (-2)/7 + (15910/35)/2. Let f = 439 - y. Suppose 5*n = 4*s + 236, -2*s + f = 8*n - 3*n. What is the remainder when n is divided by 15?
14
Let y(v) = 190*v + 40. Calculate the remainder when 318 is divided by y(0).
38
Suppose -1688 = -4*j + 4*g + 424, 0 = -2*j - 3*g + 1071. Let t = j + -474. What is the remainder when t is divided by 36?
21
Let c = 75 + -222. What is the remainder when 0 - 0 - c/1 is divided by ((-93)/6 - -18 - 6/(-4)) + (-198)/(-6)?
36
Suppose 89 + 1095 = 2*b. Calculate the remainder when 1793 is divided by b.
17
What is the remainder when 1041 is divided by 3/(-15) + 6/30 - (-347 + 1)?
3
Let v = 9951 + -9527. Calculate the remainder when v is divided by 375.
49
Calculate the remainder when -43 - 3406/(-78) - (2414/3)/(-2) is divided by 17.
12
Suppose 0*a + 3*k + 82 = 5*a, 0 = 4*k + 16. Calculate the remainder when 166 is divided by a.
12
Let l be 3 + 40/(-5) - (-86)/(-2). Let b(d) = 13*d - 13. Let y be b(-6). Let n = l - y. Calculate the remainder when n is divided by 22.
21
Let o be 16*((-14)/(-24) + (-10)/30). Suppose 68 = -o*d + 412. Calculate the remainder when d is divided by 18.
14
Let s(v) = v**2 - 6*v + 16. Suppose -2*i - 4 + 2 = 0, -2*i = -4*b + 198. What is the remainder when b is divided by s(5)?
5
Let f = 13131 + -12790. What is the remainder when f is divided by 69?
65
Suppose -28*x + 18 = -22*x. Suppose 30*z = x*z + 216. What is the remainder when 14 is divided by z?
6
Suppose 4*l = -w + 754, -382 = 3*l - 5*l + 2*w. Let i = -111 + 159. Suppose 22*n = 21*n + i. What is the remainder when l is divided by n?
45
Suppose 10*u = u + 828. Suppose 4*s = -0*s + u. Suppose -a = -31 - 36. What is the remainder when a is divided by s?
21
Suppose 3*g + 333 = -4*g + 118*